{"id":926,"date":"2022-10-06T16:17:20","date_gmt":"2022-10-06T19:17:20","guid":{"rendered":"http:\/\/www.fensg.upe.br\/?page_id=926"},"modified":"2023-07-26T16:00:39","modified_gmt":"2023-07-26T19:00:39","slug":"revista-redcps","status":"publish","type":"page","link":"https:\/\/www.fensg.upe.br\/?page_id=926","title":{"rendered":"Revista REDCPS"},"content":{"rendered":"\n<p align=\"justify\">A Revista Enfermagem Digital Cuidado e Promo\u00e7\u00e3o da Sa\u00fade \u2013 REDCPS, criada em 2014, \u00e9 um peri\u00f3dico editado pelo Programa Associado de P\u00f3s-Gradua\u00e7\u00e3o em Enfermagem (PAPGEnf &#8211; UPE\/UEPB), da Faculdade de Enfermagem Nossa Senhora das Gra\u00e7as \u2013 FENSG, da Universidade de Pernambuco (UPE) (<a rel=\"noreferrer noopener\" href=\"http:\/\/ppgenf.upe.br\" data-type=\"URL\" data-id=\"ppgenf.upe.br\" target=\"_blank\"><mark style=\"background-color:rgba(0, 0, 0, 0)\" class=\"has-inline-color has-vivid-cyan-blue-color\">ppgenf.upe.b<\/mark>r<\/a>).<\/p>\n\n\n\n<p><\/p>\n\n\n\n<p>Acesse a REDCPS: <a rel=\"noreferrer noopener\" href=\"https:\/\/redcps.com.br\/\" target=\"_blank\"><mark style=\"background-color:rgba(0, 0, 0, 0)\" class=\"has-inline-color has-vivid-cyan-blue-color\">https:\/\/<\/mark><\/a><a rel=\"noreferrer noopener\" href=\"https:\/\/redcps.com.br\/\" data-type=\"URL\" data-id=\"https:\/\/redcps.com.br\/\" target=\"_blank\"><mark style=\"background-color:rgba(0, 0, 0, 0)\" class=\"has-inline-color has-vivid-cyan-blue-color\">redcps<\/mark><\/a><a rel=\"noreferrer noopener\" href=\"https:\/\/redcps.com.br\/\" target=\"_blank\"><mark style=\"background-color:rgba(0, 0, 0, 0)\" class=\"has-inline-color has-vivid-cyan-blue-color\">.com.br\/<\/mark><\/a><\/p>\n\n\n<div class=\"wp-block-image\">\n<figure class=\"aligncenter size-full is-resized\"><img decoding=\"async\" loading=\"lazy\" src=\"https:\/\/www.fensg.upe.br\/wp-content\/uploads\/2023\/07\/ksnip_20230726-151651.png\" alt=\"\" class=\"wp-image-1310\" width=\"519\" height=\"260\" srcset=\"https:\/\/www.fensg.upe.br\/wp-content\/uploads\/2023\/07\/ksnip_20230726-151651.png 641w, https:\/\/www.fensg.upe.br\/wp-content\/uploads\/2023\/07\/ksnip_20230726-151651-300x150.png 300w\" sizes=\"(max-width: 519px) 100vw, 519px\" \/><\/figure><\/div>","protected":false},"excerpt":{"rendered":"<p>A Revista Enfermagem Digital Cuidado e Promo\u00e7\u00e3o da Sa\u00fade \u2013 REDCPS, criada em 2014, \u00e9 um peri\u00f3dico editado pelo Programa Associado de P\u00f3s-Gradua\u00e7\u00e3o em Enfermagem (PAPGEnf &#8211; UPE\/UEPB), da Faculdade de Enfermagem Nossa Senhora das Gra\u00e7as \u2013 FENSG, da Universidade de Pernambuco (UPE) (ppgenf.upe.br). Acesse a REDCPS: https:\/\/redcps.com.br\/<\/p>\n","protected":false},"author":2,"featured_media":0,"parent":0,"menu_order":0,"comment_status":"closed","ping_status":"closed","template":"","meta":[],"_links":{"self":[{"href":"https:\/\/www.fensg.upe.br\/index.php?rest_route=\/wp\/v2\/pages\/926"}],"collection":[{"href":"https:\/\/www.fensg.upe.br\/index.php?rest_route=\/wp\/v2\/pages"}],"about":[{"href":"https:\/\/www.fensg.upe.br\/index.php?rest_route=\/wp\/v2\/types\/page"}],"author":[{"embeddable":true,"href":"https:\/\/www.fensg.upe.br\/index.php?rest_route=\/wp\/v2\/users\/2"}],"replies":[{"embeddable":true,"href":"https:\/\/www.fensg.upe.br\/index.php?rest_route=%2Fwp%2Fv2%2Fcomments&post=926"}],"version-history":[{"count":2,"href":"https:\/\/www.fensg.upe.br\/index.php?rest_route=\/wp\/v2\/pages\/926\/revisions"}],"predecessor-version":[{"id":1311,"href":"https:\/\/www.fensg.upe.br\/index.php?rest_route=\/wp\/v2\/pages\/926\/revisions\/1311"}],"wp:attachment":[{"href":"https:\/\/www.fensg.upe.br\/index.php?rest_route=%2Fwp%2Fv2%2Fmedia&parent=926"}],"curies":[{"name":"wp","href":"https:\/\/api.w.org\/{rel}","templated":true}]}}