{"id":1577,"date":"2023-09-06T15:04:04","date_gmt":"2023-09-06T18:04:04","guid":{"rendered":"https:\/\/www.fensg.upe.br\/?page_id=1577"},"modified":"2024-10-01T12:17:11","modified_gmt":"2024-10-01T15:17:11","slug":"semana-universitaria-2023-2","status":"publish","type":"page","link":"https:\/\/www.fensg.upe.br\/?page_id=1577","title":{"rendered":"Semana Universit\u00e1ria 2023"},"content":{"rendered":"\n<p>Avalia\u00e7\u00e3o dos projetos de Pesquisa da Semana Universit\u00e1ria&nbsp;2023.<\/p>\n\n\n\n<p><strong>Submiss\u00e3o de trabalhos n\u00e3o vinculados a Editais<\/strong>: <a rel=\"noreferrer noopener\" href=\"https:\/\/forms.gle\/TrE9gv3QXfq6Q3u69\" target=\"_blank\"><mark style=\"background-color:rgba(0, 0, 0, 0)\" class=\"has-inline-color has-vivid-cyan-blue-color\">https:\/\/forms.gle\/TrE9gv3QXfq6Q3u69\u00a0<\/mark><\/a><\/p>\n\n\n\n<p><\/p>\n","protected":false},"excerpt":{"rendered":"<p>Avalia\u00e7\u00e3o dos projetos de Pesquisa da Semana Universit\u00e1ria&nbsp;2023. Submiss\u00e3o de trabalhos n\u00e3o vinculados a Editais: https:\/\/forms.gle\/TrE9gv3QXfq6Q3u69\u00a0<\/p>\n","protected":false},"author":2,"featured_media":0,"parent":0,"menu_order":0,"comment_status":"closed","ping_status":"closed","template":"","meta":[],"_links":{"self":[{"href":"https:\/\/www.fensg.upe.br\/index.php?rest_route=\/wp\/v2\/pages\/1577"}],"collection":[{"href":"https:\/\/www.fensg.upe.br\/index.php?rest_route=\/wp\/v2\/pages"}],"about":[{"href":"https:\/\/www.fensg.upe.br\/index.php?rest_route=\/wp\/v2\/types\/page"}],"author":[{"embeddable":true,"href":"https:\/\/www.fensg.upe.br\/index.php?rest_route=\/wp\/v2\/users\/2"}],"replies":[{"embeddable":true,"href":"https:\/\/www.fensg.upe.br\/index.php?rest_route=%2Fwp%2Fv2%2Fcomments&post=1577"}],"version-history":[{"count":5,"href":"https:\/\/www.fensg.upe.br\/index.php?rest_route=\/wp\/v2\/pages\/1577\/revisions"}],"predecessor-version":[{"id":1888,"href":"https:\/\/www.fensg.upe.br\/index.php?rest_route=\/wp\/v2\/pages\/1577\/revisions\/1888"}],"wp:attachment":[{"href":"https:\/\/www.fensg.upe.br\/index.php?rest_route=%2Fwp%2Fv2%2Fmedia&parent=1577"}],"curies":[{"name":"wp","href":"https:\/\/api.w.org\/{rel}","templated":true}]}}