{"id":1498,"date":"2023-08-03T11:59:51","date_gmt":"2023-08-03T14:59:51","guid":{"rendered":"https:\/\/www.fensg.upe.br\/?page_id=1498"},"modified":"2023-08-03T12:03:01","modified_gmt":"2023-08-03T15:03:01","slug":"compressao-nao-se-brinca","status":"publish","type":"page","link":"https:\/\/www.fensg.upe.br\/?page_id=1498","title":{"rendered":"Compress\u00e3o n\u00e3o se Brinca"},"content":{"rendered":"\n<p class=\"has-medium-font-size\"><div class=\"clear\"><\/div><div class=\"toggle close\"><h3 class=\"toggle-head-open\"><strong>Objetivo<\/strong><i class=\"fa fa-angle-up\"><\/i><\/h3><h3 class=\"toggle-head-close\"><strong>Objetivo<\/strong><i class=\"fa fa-angle-down\"><\/i><\/h3><div class=\"toggle-content\">\n\t\t\t <\/p>\n\n\n\n<p><p align=\"justify\">Promover, ampliar e desenvolver as a\u00e7\u00f5es extensionistas atrav\u00e9s das interven\u00e7\u00f5es educativas\n\nque valorizem pr\u00e1ticas preventivas sobre a doen\u00e7a cardiovascular principalmente a\n\nhipertens\u00e3o arterial e seus fatores de riscos a sensibilizar \u00e0 comunidade para o\n\ndesenvolvimento de estrat\u00e9gias autocuidado, no que compete aos fatores modific\u00e1veis. \u2022\n\nPossibilitar ao acad\u00eamico da \u00e1rea de sa\u00fade, a oportunidade de correlacionar os conte\u00fados\n\nte\u00f3ricopr\u00e1ticos para a preven\u00e7\u00e3o de doen\u00e7as, promo\u00e7\u00e3o e recupera\u00e7\u00e3o da sa\u00fade do cliente\n\nhipertenso; Preparar os alunos de gradua\u00e7\u00e3o em Enfermagem para pr\u00e1ticas do cuidar sobre a\n\nhipertens\u00e3o arterial, Diabetes Mellitus e seus fatores de riscos.<\/p><\/p>\n\n\n\n<p class=\"has-medium-font-size\">\n\t\t\t<\/div><\/div>\n\n\n\n<p class=\"has-medium-font-size\"><div class=\"clear\"><\/div><div class=\"toggle close\"><h3 class=\"toggle-head-open\"><strong>P\u00fablico Alvo<\/strong><i class=\"fa fa-angle-up\"><\/i><\/h3><h3 class=\"toggle-head-close\"><strong>P\u00fablico Alvo<\/strong><i class=\"fa fa-angle-down\"><\/i><\/h3><div class=\"toggle-content\">\n\t\t\t <\/p>\n\n\n\nEspera-se com esse projeto atingir um a meta de atendimento de aproximadamente 1500 a\n\n2000 pessoas, incluindo um p\u00fablico alvo diversos, as mudan\u00e7as de comportamento ser\u00e3o\n\nmediante as visitas e acompanhamento por grupos de apoio nas escolas, e conscientiza\u00e7\u00e3o da\n\npopula\u00e7\u00e3o para mudan\u00e7a de comportamento, pr\u00e1ticas de atividades f\u00edsicas, alimenta\u00e7\u00e3o\n\nsaud\u00e1vel de acordo com a realidade de cada um. A comunidades adstritas \u00e0s unidades de\n\nsa\u00fade, que estejam nas atividades em escolas,em ongs, nas semanas tem\u00e1ticas da SBC e SBH\n\nou aguardando atendimento nas salas de espera das unidades de sa\u00fade onde estar\u00e3o\n\nacontecendo as a\u00e7\u00f5es extensionistas.\n\n\n\n<p class=\"has-medium-font-size\">\n\t\t\t<\/div><\/div>\n\n\n\n<p class=\"has-medium-font-size\"><div class=\"clear\"><\/div><div class=\"toggle close\"><h3 class=\"toggle-head-open\"><strong>Coordena\u00e7\u00e3o Geral<\/strong><i class=\"fa fa-angle-up\"><\/i><\/h3><h3 class=\"toggle-head-close\"><strong>Coordena\u00e7\u00e3o Geral<\/strong><i class=\"fa fa-angle-down\"><\/i><\/h3><div class=\"toggle-content\">\n\t\t\t <\/p>\n\n\n\nSimone Maria Muniz da Silva Bezerra\n\n\n\n<p class=\"has-medium-font-size\">\n\t\t\t<\/div><\/div>\n","protected":false},"excerpt":{"rendered":"","protected":false},"author":2,"featured_media":0,"parent":0,"menu_order":0,"comment_status":"closed","ping_status":"closed","template":"","meta":[],"_links":{"self":[{"href":"https:\/\/www.fensg.upe.br\/index.php?rest_route=\/wp\/v2\/pages\/1498"}],"collection":[{"href":"https:\/\/www.fensg.upe.br\/index.php?rest_route=\/wp\/v2\/pages"}],"about":[{"href":"https:\/\/www.fensg.upe.br\/index.php?rest_route=\/wp\/v2\/types\/page"}],"author":[{"embeddable":true,"href":"https:\/\/www.fensg.upe.br\/index.php?rest_route=\/wp\/v2\/users\/2"}],"replies":[{"embeddable":true,"href":"https:\/\/www.fensg.upe.br\/index.php?rest_route=%2Fwp%2Fv2%2Fcomments&post=1498"}],"version-history":[{"count":3,"href":"https:\/\/www.fensg.upe.br\/index.php?rest_route=\/wp\/v2\/pages\/1498\/revisions"}],"predecessor-version":[{"id":1669,"href":"https:\/\/www.fensg.upe.br\/index.php?rest_route=\/wp\/v2\/pages\/1498\/revisions\/1669"}],"wp:attachment":[{"href":"https:\/\/www.fensg.upe.br\/index.php?rest_route=%2Fwp%2Fv2%2Fmedia&parent=1498"}],"curies":[{"name":"wp","href":"https:\/\/api.w.org\/{rel}","templated":true}]}}