{"id":1497,"date":"2023-08-03T11:59:51","date_gmt":"2023-08-03T14:59:51","guid":{"rendered":"https:\/\/www.fensg.upe.br\/?page_id=1497"},"modified":"2023-08-03T12:06:00","modified_gmt":"2023-08-03T15:06:00","slug":"empodere-se","status":"publish","type":"page","link":"https:\/\/www.fensg.upe.br\/?page_id=1497","title":{"rendered":"Empodere-se"},"content":{"rendered":"\n<p class=\"has-text-align-center\"><strong>Empodere-se: promovendo o autocuidado feminino<\/strong><br><br><\/p>\n\n\n\n<p class=\"has-medium-font-size\"><div class=\"clear\"><\/div><div class=\"toggle close\"><h3 class=\"toggle-head-open\"><strong>Objetivo<\/strong><i class=\"fa fa-angle-up\"><\/i><\/h3><h3 class=\"toggle-head-close\"><strong>Objetivo<\/strong><i class=\"fa fa-angle-down\"><\/i><\/h3><div class=\"toggle-content\">\n\t\t\t <\/p>\n\n\n\nFortalecer a realiza\u00e7\u00e3o de atividades educativas para o autocuidado de usu\u00e1rias em unidades\n\np\u00fablicas de sa\u00fade em Recife\/PE.\n\n\n\n<p class=\"has-medium-font-size\">\n\t\t\t<\/div><\/div>\n\n\n\n<p class=\"has-medium-font-size\"><div class=\"clear\"><\/div><div class=\"toggle close\"><h3 class=\"toggle-head-open\"><strong>P\u00fablico Alvo<\/strong><i class=\"fa fa-angle-up\"><\/i><\/h3><h3 class=\"toggle-head-close\"><strong>P\u00fablico Alvo<\/strong><i class=\"fa fa-angle-down\"><\/i><\/h3><div class=\"toggle-content\">\n\t\t\t <\/p>\n\n\n\nP\u00fablico Alvo:\n\nAs a\u00e7\u00f5es do presente projeto ter\u00e3o como p\u00fablico-alvo as pacientes do CISAM dos setores: Alto\n\nRisco, composto por gestantes, Alojamento Conjunto, composto por pu\u00e9rperas, Ambulat\u00f3rios,\n\nnos quais pode haver mulheres nas mais diferentes fases de seu ciclo de vida e ginecol\u00f3gico,\n\ncomposto por pacientes que passar\u00e3o por cirurgias ginecol\u00f3gicas ou est\u00e3o em p\u00f3s-operat\u00f3rio.\n\nIncluem-se, ainda, seus acompanhantes. O p\u00fablico-alvo do projeto ser\u00e1 beneficiado com\n\norienta\u00e7\u00f5es que ir\u00e3o ajudar a compreender a coparticipa\u00e7\u00e3o no processo de sa\u00fade-doen\u00e7a, a\n\nse autocuidar e se empoderar sobre seus direitos a sa\u00fade.\n\n\n\n<p class=\"has-medium-font-size\">\n\t\t\t<\/div><\/div>\n\n\n\n<p class=\"has-medium-font-size\"><div class=\"clear\"><\/div><div class=\"toggle close\"><h3 class=\"toggle-head-open\"><strong>N\u00famero de Beneficiados<\/strong><i class=\"fa fa-angle-up\"><\/i><\/h3><h3 class=\"toggle-head-close\"><strong>N\u00famero de Beneficiados<\/strong><i class=\"fa fa-angle-down\"><\/i><\/h3><div class=\"toggle-content\">\n\t\t\t <\/p>\n\n\n\nEstimativa de abranger 1.100 pessoas em um per\u00edodo de 11 meses do projeto (retirando as\n\nf\u00e9rias)\n\n\n\n<p class=\"has-medium-font-size\">\n\t\t\t<\/div><\/div>\n\n\n\n<p class=\"has-medium-font-size\"><div class=\"clear\"><\/div><div class=\"toggle close\"><h3 class=\"toggle-head-open\"><strong>Coordena\u00e7\u00e3o Geral<\/strong><i class=\"fa fa-angle-up\"><\/i><\/h3><h3 class=\"toggle-head-close\"><strong>Coordena\u00e7\u00e3o Geral<\/strong><i class=\"fa fa-angle-down\"><\/i><\/h3><div class=\"toggle-content\">\n\t\t\t <\/p>\n\n\n\nMaria Suely Medeiros Corr\u00eaa\n\n\n\n<p class=\"has-medium-font-size\">\n\t\t\t<\/div><\/div>\n","protected":false},"excerpt":{"rendered":"<p>Empodere-se: promovendo o autocuidado feminino<\/p>\n","protected":false},"author":2,"featured_media":0,"parent":0,"menu_order":0,"comment_status":"closed","ping_status":"closed","template":"","meta":[],"_links":{"self":[{"href":"https:\/\/www.fensg.upe.br\/index.php?rest_route=\/wp\/v2\/pages\/1497"}],"collection":[{"href":"https:\/\/www.fensg.upe.br\/index.php?rest_route=\/wp\/v2\/pages"}],"about":[{"href":"https:\/\/www.fensg.upe.br\/index.php?rest_route=\/wp\/v2\/types\/page"}],"author":[{"embeddable":true,"href":"https:\/\/www.fensg.upe.br\/index.php?rest_route=\/wp\/v2\/users\/2"}],"replies":[{"embeddable":true,"href":"https:\/\/www.fensg.upe.br\/index.php?rest_route=%2Fwp%2Fv2%2Fcomments&post=1497"}],"version-history":[{"count":2,"href":"https:\/\/www.fensg.upe.br\/index.php?rest_route=\/wp\/v2\/pages\/1497\/revisions"}],"predecessor-version":[{"id":1508,"href":"https:\/\/www.fensg.upe.br\/index.php?rest_route=\/wp\/v2\/pages\/1497\/revisions\/1508"}],"wp:attachment":[{"href":"https:\/\/www.fensg.upe.br\/index.php?rest_route=%2Fwp%2Fv2%2Fmedia&parent=1497"}],"curies":[{"name":"wp","href":"https:\/\/api.w.org\/{rel}","templated":true}]}}