{"id":1253,"date":"2023-07-26T12:18:33","date_gmt":"2023-07-26T15:18:33","guid":{"rendered":"https:\/\/www.fensg.upe.br\/?page_id=1253"},"modified":"2023-07-26T15:00:07","modified_gmt":"2023-07-26T18:00:07","slug":"mandala-dos-saberes","status":"publish","type":"page","link":"https:\/\/www.fensg.upe.br\/?page_id=1253","title":{"rendered":"Mandala dos Saberes"},"content":{"rendered":"\n<p class=\"has-text-align-center\"><strong><mark style=\"background-color:rgba(0, 0, 0, 0)\" class=\"has-inline-color has-black-color\">PROJETO DE EXTENS\u00c3O MANDALA DOS SABERES \u00c0S POPULA\u00c7\u00d5ES VULNER\u00c1VEIS<\/mark><\/strong><br><br><\/p>\n\n\n\n<div class=\"clear\"><\/div><div class=\"toggle close\"><h3 class=\"toggle-head-open\"><strong>Objetivo<\/strong><i class=\"fa fa-angle-up\"><\/i><\/h3><h3 class=\"toggle-head-close\"><strong>Objetivo<\/strong><i class=\"fa fa-angle-down\"><\/i><\/h3><div class=\"toggle-content\">\n\t\t\t\n\n\n\n<p  align=\"justify\">Identificar as percep\u00e7\u00f5es concep\u00e7\u00f5es que as popula\u00e7\u00f5es vulner\u00e1veis t\u00eam acerca de diversas tem\u00e1ticas solicitadas por elas acerca de sa\u00fade. Espera-se que os resultados deste projeto possibilitem dar visibilidade, empoderamento atrav\u00e9s do conhecimento as popula\u00e7\u00f5es vulneraveis acerca de diversas tem\u00e1ticas sobre sa\u00fade, atrav\u00e9s dos oito princ\u00edpios da Mandala dos Saberes voltados a Educa\u00e7\u00e3o Popular em Sa\u00fade, elas ter\u00e3o a oportunidade de explanar suas d\u00favidas, seus medos, tabus, cren\u00e7as, cultura, insatisfa\u00e7\u00e3o com a rede de aten\u00e7\u00e3o de seu territ\u00f3rio.<\/p>\n\n\n\n\n\t\t\t<\/div><\/div>\n\n\n\n<div class=\"clear\"><\/div><div class=\"toggle close\"><h3 class=\"toggle-head-open\"><strong>P\u00fablico alvo<\/strong><i class=\"fa fa-angle-up\"><\/i><\/h3><h3 class=\"toggle-head-close\"><strong>P\u00fablico alvo<\/strong><i class=\"fa fa-angle-down\"><\/i><\/h3><div class=\"toggle-content\">\n\t\t\t\n\n\n\n<p  align=\"justify\">O perfil desse projeto de extens\u00e3o, ser\u00e3o as pessoas em situa\u00e7\u00f5es de vulnerabilidade: Mulher, Adolescente, Homem, Idoso; Popula\u00e7\u00e3o Ind\u00edgena; Popula\u00e7\u00e3o Privada de Liberdade; Pessoas com Defici\u00eancia e Reabilita\u00e7\u00e3o; Popula\u00e7\u00e3o de Rua; Popula\u00e7\u00e3o LGBTQIA, acima de 18 anos e seus familiares. Tamb\u00e9m temos como p\u00fablico alvo profissionais de unidades de sa\u00fade, a fim de contribuir no fortalecimento da enfermagem na \u00e1rea da Enfermagem Familiar com vistas \u00e0 amplia\u00e7\u00e3o do conhecimento.<\/p>\n\n\n\n\n\t\t\t<\/div><\/div>\n\n\n\n<div class=\"clear\"><\/div><div class=\"toggle close\"><h3 class=\"toggle-head-open\"><strong>N\u00famero de beneficiados<\/strong><i class=\"fa fa-angle-up\"><\/i><\/h3><h3 class=\"toggle-head-close\"><strong>N\u00famero de beneficiados<\/strong><i class=\"fa fa-angle-down\"><\/i><\/h3><div class=\"toggle-content\">\n\t\t\t\n\n\n\n<p>Espera-se que sejam beneficiados um n\u00famero estimado de 200 pessoas.<\/p>\n\n\n\n\n\t\t\t<\/div><\/div>\n","protected":false},"excerpt":{"rendered":"<p>PROJETO DE EXTENS\u00c3O MANDALA DOS SABERES \u00c0S POPULA\u00c7\u00d5ES VULNER\u00c1VEIS<\/p>\n","protected":false},"author":2,"featured_media":0,"parent":0,"menu_order":0,"comment_status":"closed","ping_status":"closed","template":"","meta":[],"_links":{"self":[{"href":"https:\/\/www.fensg.upe.br\/index.php?rest_route=\/wp\/v2\/pages\/1253"}],"collection":[{"href":"https:\/\/www.fensg.upe.br\/index.php?rest_route=\/wp\/v2\/pages"}],"about":[{"href":"https:\/\/www.fensg.upe.br\/index.php?rest_route=\/wp\/v2\/types\/page"}],"author":[{"embeddable":true,"href":"https:\/\/www.fensg.upe.br\/index.php?rest_route=\/wp\/v2\/users\/2"}],"replies":[{"embeddable":true,"href":"https:\/\/www.fensg.upe.br\/index.php?rest_route=%2Fwp%2Fv2%2Fcomments&post=1253"}],"version-history":[{"count":3,"href":"https:\/\/www.fensg.upe.br\/index.php?rest_route=\/wp\/v2\/pages\/1253\/revisions"}],"predecessor-version":[{"id":1304,"href":"https:\/\/www.fensg.upe.br\/index.php?rest_route=\/wp\/v2\/pages\/1253\/revisions\/1304"}],"wp:attachment":[{"href":"https:\/\/www.fensg.upe.br\/index.php?rest_route=%2Fwp%2Fv2%2Fmedia&parent=1253"}],"curies":[{"name":"wp","href":"https:\/\/api.w.org\/{rel}","templated":true}]}}

<p class="has-text-align-center"><strong><mark style="background-color:rgba(0, 0, 0, 0)" class="has-inline-color has-black-color">PROJETO DE EXTENSÃO MANDALA DOS SABERES ÀS POPULAÇÕES VULNERÁVEIS</mark></strong><br><br></p>



<div class="clear"></div><div class="toggle close"><h3 class="toggle-head-open"><strong>Objetivo</strong><i class="fa fa-angle-up"></i></h3><h3 class="toggle-head-close"><strong>Objetivo</strong><i class="fa fa-angle-down"></i></h3><div class="toggle-content">
			



<p  align="justify">Identificar as percepções concepções que as populações vulneráveis têm acerca de diversas temáticas solicitadas por elas acerca de saúde. Espera-se que os resultados deste projeto possibilitem dar visibilidade, empoderamento através do conhecimento as populações vulneraveis acerca de diversas temáticas sobre saúde, através dos oito princípios da Mandala dos Saberes voltados a Educação Popular em Saúde, elas terão a oportunidade de explanar suas dúvidas, seus medos, tabus, crenças, cultura, insatisfação com a rede de atenção de seu território.</p>




			</div></div>



<div class="clear"></div><div class="toggle close"><h3 class="toggle-head-open"><strong>Público alvo</strong><i class="fa fa-angle-up"></i></h3><h3 class="toggle-head-close"><strong>Público alvo</strong><i class="fa fa-angle-down"></i></h3><div class="toggle-content">
			



<p  align="justify">O perfil desse projeto de extensão, serão as pessoas em situações de vulnerabilidade: Mulher, Adolescente, Homem, Idoso; População Indígena; População Privada de Liberdade; Pessoas com Deficiência e Reabilitação; População de Rua; População LGBTQIA, acima de 18 anos e seus familiares. Também temos como público alvo profissionais de unidades de saúde, a fim de contribuir no fortalecimento da enfermagem na área da Enfermagem Familiar com vistas à ampliação do conhecimento.</p>




			</div></div>



<div class="clear"></div><div class="toggle close"><h3 class="toggle-head-open"><strong>Número de beneficiados</strong><i class="fa fa-angle-up"></i></h3><h3 class="toggle-head-close"><strong>Número de beneficiados</strong><i class="fa fa-angle-down"></i></h3><div class="toggle-content">
			



<p>Espera-se que sejam beneficiados um número estimado de 200 pessoas.</p>




			</div></div>

<p>PROJETO DE EXTENSÃO MANDALA DOS SABERES ÀS POPULAÇÕES VULNERÁVEIS</p>
