{"id":1192,"date":"2023-07-18T12:43:11","date_gmt":"2023-07-18T15:43:11","guid":{"rendered":"https:\/\/www.fensg.upe.br\/?page_id=1192"},"modified":"2023-08-15T11:49:52","modified_gmt":"2023-08-15T14:49:52","slug":"documentacao-docente-2","status":"publish","type":"page","link":"https:\/\/www.fensg.upe.br\/?page_id=1192","title":{"rendered":"Documenta\u00e7\u00e3o Docente"},"content":{"rendered":"\n<p><strong>Deseja solicitar declara\u00e7\u00e3o de alguma atividade de Extens\u00e3o e Cultura dessa Coordena\u00e7\u00e3o Setorial?<\/strong><\/p>\n\n\n\n<p>Por favor, preencha o formul\u00e1rio dispon\u00edvel em:<\/p>\n\n\n\n<p class=\"has-vivid-cyan-blue-color has-text-color\"><a rel=\"noreferrer noopener\" href=\"https:\/\/forms.gle\/gz9dLHorkideXi9MA\" target=\"_blank\"><mark style=\"background-color:rgba(0, 0, 0, 0)\" class=\"has-inline-color has-vivid-cyan-blue-color\">https:\/\/forms.gle\/gz9dLHorkideXi9MA<\/mark><\/a><\/p>\n\n\n\n<p><strong>Deseja solicitar certificado de alguma atividade de Extens\u00e3o e Cultura dessa Coordena\u00e7\u00e3o Setorial?<\/strong><\/p>\n\n\n\n<p>Por favor, preencha o formul\u00e1rio dispon\u00edvel em:\u00a0<\/p>\n\n\n\n<p><a rel=\"noreferrer noopener\" href=\"https:\/\/forms.gle\/uZLZQJfrodcnc3tX6\" target=\"_blank\"><mark style=\"background-color:rgba(0, 0, 0, 0)\" class=\"has-inline-color has-vivid-cyan-blue-color\">https:\/\/forms.gle\/uZLZQJfrodcnc3tX6<\/mark><\/a><\/p>\n\n\n\n<p><strong>Deseja solicitar carta anu\u00eancia para alguma atividade de Extens\u00e3o e Cultura dessa Coordena\u00e7\u00e3o Setorial?<\/strong><\/p>\n\n\n\n<p>Por favor, preencha o formul\u00e1rio dispon\u00edvel em:\u00a0<\/p>\n\n\n\n<p><a rel=\"noreferrer noopener\" href=\"https:\/\/forms.gle\/BQbWNJ9vjZfwWhu97\" target=\"_blank\"><mark style=\"background-color:rgba(0, 0, 0, 0)\" class=\"has-inline-color has-vivid-cyan-blue-color\">https:\/\/forms.gle\/BQbWNJ9vjZfwWhu97<\/mark><\/a><\/p>\n\n\n\n<p><strong>Deseja enviar alguma atividade de Extens\u00e3o e Cultura para esta Coordena\u00e7\u00e3o Setorial?<\/strong><\/p>\n\n\n\n<p>Por favor, preencha o formul\u00e1rio dispon\u00edvel em:\u00a0<\/p>\n\n\n\n<p><a rel=\"noreferrer noopener\" href=\"https:\/\/forms.gle\/eRbb3fghoc1bpiKf8\" target=\"_blank\"><mark style=\"background-color:rgba(0, 0, 0, 0)\" class=\"has-inline-color has-vivid-cyan-blue-color\">https:\/\/forms.gle\/eRbb3fghoc1bpiKf8<\/mark><\/a><\/p>\n","protected":false},"excerpt":{"rendered":"<p>Deseja solicitar declara\u00e7\u00e3o de alguma atividade de Extens\u00e3o e Cultura dessa Coordena\u00e7\u00e3o Setorial? Por favor, preencha o formul\u00e1rio dispon\u00edvel em: https:\/\/forms.gle\/gz9dLHorkideXi9MA Deseja solicitar certificado de alguma atividade de Extens\u00e3o e Cultura dessa Coordena\u00e7\u00e3o Setorial? Por favor, preencha o formul\u00e1rio dispon\u00edvel em:\u00a0 https:\/\/forms.gle\/uZLZQJfrodcnc3tX6 Deseja solicitar carta anu\u00eancia para alguma atividade de Extens\u00e3o e Cultura dessa Coordena\u00e7\u00e3o &hellip;<\/p>\n","protected":false},"author":2,"featured_media":0,"parent":0,"menu_order":0,"comment_status":"closed","ping_status":"closed","template":"","meta":[],"_links":{"self":[{"href":"https:\/\/www.fensg.upe.br\/index.php?rest_route=\/wp\/v2\/pages\/1192"}],"collection":[{"href":"https:\/\/www.fensg.upe.br\/index.php?rest_route=\/wp\/v2\/pages"}],"about":[{"href":"https:\/\/www.fensg.upe.br\/index.php?rest_route=\/wp\/v2\/types\/page"}],"author":[{"embeddable":true,"href":"https:\/\/www.fensg.upe.br\/index.php?rest_route=\/wp\/v2\/users\/2"}],"replies":[{"embeddable":true,"href":"https:\/\/www.fensg.upe.br\/index.php?rest_route=%2Fwp%2Fv2%2Fcomments&post=1192"}],"version-history":[{"count":4,"href":"https:\/\/www.fensg.upe.br\/index.php?rest_route=\/wp\/v2\/pages\/1192\/revisions"}],"predecessor-version":[{"id":1529,"href":"https:\/\/www.fensg.upe.br\/index.php?rest_route=\/wp\/v2\/pages\/1192\/revisions\/1529"}],"wp:attachment":[{"href":"https:\/\/www.fensg.upe.br\/index.php?rest_route=%2Fwp%2Fv2%2Fmedia&parent=1192"}],"curies":[{"name":"wp","href":"https:\/\/api.w.org\/{rel}","templated":true}]}}