{"id":1113,"date":"2023-06-21T11:42:12","date_gmt":"2023-06-21T14:42:12","guid":{"rendered":"https:\/\/www.fensg.upe.br\/?page_id=1113"},"modified":"2025-04-01T16:08:09","modified_gmt":"2025-04-01T19:08:09","slug":"documentacao-docente","status":"publish","type":"page","link":"https:\/\/www.fensg.upe.br\/?page_id=1113","title":{"rendered":"Documenta\u00e7\u00e3o Docente"},"content":{"rendered":"\n<p><\/p>\n\n\n\n<p><strong>Deseja solicitar declara\u00e7\u00e3o de ministra\u00e7\u00e3o de aula na gradua\u00e7\u00e3o?<\/strong><\/p>\n\n\n\n<p>Por favor preencha o formul\u00e1rio dispon\u00edvel em:<\/p>\n\n\n\n<p><a rel=\"noreferrer noopener\" href=\"https:\/\/forms.gle\/bhdD2Nfqc68ezp3u8\" target=\"_blank\"><mark style=\"background-color:rgba(0, 0, 0, 0)\" class=\"has-inline-color has-vivid-cyan-blue-color\">https:\/\/forms.gle\/bhdD2Nfqc68ezp3u8<\/mark><\/a><\/p>\n\n\n\n<p><strong>Deseja solicitar declara\u00e7\u00e3o de orienta\u00e7\u00e3o\/co-orienta\u00e7\u00e3o&nbsp;de projeto e trabalho de conclus\u00e3o de curso de TCC?&nbsp;<\/strong><\/p>\n\n\n\n<p>Por favor preencha o formul\u00e1rio dispon\u00edvel em:&nbsp;<\/p>\n\n\n\n<p><a rel=\"noreferrer noopener\" href=\"https:\/\/forms.gle\/SonPJXHpbiqRwB83A\" target=\"_blank\"><mark style=\"background-color:rgba(0, 0, 0, 0)\" class=\"has-inline-color has-vivid-cyan-blue-color\">https:\/\/forms.gle\/SonPJXHpbiqRwB83A<\/mark><\/a><\/p>\n\n\n\n<p><strong>Deseja solicitar declara\u00e7\u00e3o de&nbsp; participa\u00e7\u00e3o em banca examinadora&nbsp;de projeto e trabalho de conclus\u00e3o de curso de TCC?&nbsp;<\/strong><\/p>\n\n\n\n<p>Por favor preencha o formul\u00e1rio dispon\u00edvel em:&nbsp;<\/p>\n\n\n\n<p><a rel=\"noreferrer noopener\" href=\"https:\/\/forms.gle\/h5SrpXBWepeCdezN7\" target=\"_blank\"><mark style=\"background-color:rgba(0, 0, 0, 0)\" class=\"has-inline-color has-vivid-cyan-blue-color\">https:\/\/forms.gle\/h5SrpXBWepeCdezN7<\/mark><\/a><\/p>\n\n\n\n<p><strong>Declara\u00e7\u00f5es j\u00e1 emitidas pela\u00a0\u00a0Coordena\u00e7\u00e3o de Apoio \u00e0s Atividades Acad\u00eamicas\u00a0a partir de 2022 no formato digital?\u00a0\u00a0<\/strong><\/p>\n\n\n\n<p>Por favor preencha o formul\u00e1rio dispon\u00edvel em:\u00a0<\/p>\n\n\n\n<p><a rel=\"noreferrer noopener\" href=\"https:\/\/drive.google.com\/drive\/folders\/1T2lDQWiHgIAbcNvl_y8RQao7ELEIenzu?usp=sharing\" target=\"_blank\"><mark style=\"background-color:rgba(0, 0, 0, 0)\" class=\"has-inline-color has-vivid-cyan-blue-color\">https:\/\/drive.google.com\/drive\/folders\/1T2lDQWiHgIAbcNvl_y8RQao7ELEIenzu?usp=sharing<\/mark><\/a><\/p>\n\n\n\n<p><\/p>\n","protected":false},"excerpt":{"rendered":"<p>Deseja solicitar declara\u00e7\u00e3o de ministra\u00e7\u00e3o de aula na gradua\u00e7\u00e3o? Por favor preencha o formul\u00e1rio dispon\u00edvel em: https:\/\/forms.gle\/bhdD2Nfqc68ezp3u8 Deseja solicitar declara\u00e7\u00e3o de orienta\u00e7\u00e3o\/co-orienta\u00e7\u00e3o&nbsp;de projeto e trabalho de conclus\u00e3o de curso de TCC?&nbsp; Por favor preencha o formul\u00e1rio dispon\u00edvel em:&nbsp; https:\/\/forms.gle\/SonPJXHpbiqRwB83A Deseja solicitar declara\u00e7\u00e3o de&nbsp; participa\u00e7\u00e3o em banca examinadora&nbsp;de projeto e trabalho de conclus\u00e3o de curso de &hellip;<\/p>\n","protected":false},"author":2,"featured_media":0,"parent":0,"menu_order":0,"comment_status":"closed","ping_status":"closed","template":"","meta":[],"_links":{"self":[{"href":"https:\/\/www.fensg.upe.br\/index.php?rest_route=\/wp\/v2\/pages\/1113"}],"collection":[{"href":"https:\/\/www.fensg.upe.br\/index.php?rest_route=\/wp\/v2\/pages"}],"about":[{"href":"https:\/\/www.fensg.upe.br\/index.php?rest_route=\/wp\/v2\/types\/page"}],"author":[{"embeddable":true,"href":"https:\/\/www.fensg.upe.br\/index.php?rest_route=\/wp\/v2\/users\/2"}],"replies":[{"embeddable":true,"href":"https:\/\/www.fensg.upe.br\/index.php?rest_route=%2Fwp%2Fv2%2Fcomments&post=1113"}],"version-history":[{"count":7,"href":"https:\/\/www.fensg.upe.br\/index.php?rest_route=\/wp\/v2\/pages\/1113\/revisions"}],"predecessor-version":[{"id":1927,"href":"https:\/\/www.fensg.upe.br\/index.php?rest_route=\/wp\/v2\/pages\/1113\/revisions\/1927"}],"wp:attachment":[{"href":"https:\/\/www.fensg.upe.br\/index.php?rest_route=%2Fwp%2Fv2%2Fmedia&parent=1113"}],"curies":[{"name":"wp","href":"https:\/\/api.w.org\/{rel}","templated":true}]}}

Documentação Docente

<p></p>



<p><strong>Deseja solicitar declaração de ministração de aula na graduação?</strong></p>



<p>Por favor preencha o formulário disponível em:</p>



<p><a rel="noreferrer noopener" href="https://forms.gle/bhdD2Nfqc68ezp3u8" target="_blank"><mark style="background-color:rgba(0, 0, 0, 0)" class="has-inline-color has-vivid-cyan-blue-color">https://forms.gle/bhdD2Nfqc68ezp3u8</mark></a></p>



<p><strong>Deseja solicitar declaração de orientação/co-orientação&nbsp;de projeto e trabalho de conclusão de curso de TCC?&nbsp;</strong></p>



<p>Por favor preencha o formulário disponível em:&nbsp;</p>



<p><a rel="noreferrer noopener" href="https://forms.gle/SonPJXHpbiqRwB83A" target="_blank"><mark style="background-color:rgba(0, 0, 0, 0)" class="has-inline-color has-vivid-cyan-blue-color">https://forms.gle/SonPJXHpbiqRwB83A</mark></a></p>



<p><strong>Deseja solicitar declaração de&nbsp; participação em banca examinadora&nbsp;de projeto e trabalho de conclusão de curso de TCC?&nbsp;</strong></p>



<p>Por favor preencha o formulário disponível em:&nbsp;</p>



<p><a rel="noreferrer noopener" href="https://forms.gle/h5SrpXBWepeCdezN7" target="_blank"><mark style="background-color:rgba(0, 0, 0, 0)" class="has-inline-color has-vivid-cyan-blue-color">https://forms.gle/h5SrpXBWepeCdezN7</mark></a></p>



<p><strong>Declarações já emitidas pela  Coordenação de Apoio às Atividades Acadêmicas a partir de 2022 no formato digital?  </strong></p>



<p>Por favor preencha o formulário disponível em: </p>



<p><a rel="noreferrer noopener" href="https://drive.google.com/drive/folders/1T2lDQWiHgIAbcNvl_y8RQao7ELEIenzu?usp=sharing" target="_blank"><mark style="background-color:rgba(0, 0, 0, 0)" class="has-inline-color has-vivid-cyan-blue-color">https://drive.google.com/drive/folders/1T2lDQWiHgIAbcNvl_y8RQao7ELEIenzu?usp=sharing</mark></a></p>



<p></p>

<p>Deseja solicitar declaração de ministração de aula na graduação? Por favor preencha o formulário disponível em: https://forms.gle/bhdD2Nfqc68ezp3u8 Deseja solicitar declaração de orientação/co-orientação&nbsp;de projeto e trabalho de conclusão de curso de TCC?&nbsp; Por favor preencha o formulário disponível em:&nbsp; https://forms.gle/SonPJXHpbiqRwB83A Deseja solicitar declaração de&nbsp; participação em banca examinadora&nbsp;de projeto e trabalho de conclusão de curso de &hellip;</p>
